 64 a factor of 7442?
False
Does 24 divide 11376?
True
Is 14 a factor of 1713?
False
Is 75 a factor of 750?
True
Is 25 a factor of 1250?
True
Is 187 a factor of 13192?
False
Is 24106 a multiple of 23?
False
Is 10 a factor of 10989?
False
Is 26 a factor of 473?
False
Does 2 divide 38?
True
Is 495 a multiple of 11?
True
Does 47 divide 752?
True
Is 18 a factor of 13818?
False
Does 18 divide 702?
True
Does 28 divide 36344?
True
Does 5 divide 445?
True
Does 10 divide 250?
True
Is 27 a factor of 15390?
True
Is 4 a factor of 96?
True
Does 5 divide 20?
True
Is 60 a factor of 600?
True
Does 6 divide 4568?
False
Does 128 divide 22912?
True
Is 22 a factor of 422?
False
Does 14 divide 304?
False
Is 43788 a multiple of 12?
True
Is 83 a factor of 146?
False
Is 2052 a multiple of 76?
True
Does 84 divide 924?
True
Is 4 a factor of 292?
True
Is 3 a factor of 186?
True
Is 210 a multiple of 6?
True
Does 18 divide 3618?
True
Is 9 a factor of 96070?
False
Is 19 a factor of 4921?
True
Is 15782 a multiple of 9?
False
Is 14 a factor of 7980?
True
Does 10 divide 3070?
True
Is 2 a factor of 29?
False
Is 41 a factor of 3084?
False
Does 17 divide 4065?
False
Is 21 a factor of 55214?
False
Is 894 a multiple of 100?
False
Does 54 divide 37268?
False
Does 25 divide 13550?
True
Is 37 a factor of 407?
True
Is 3975 a multiple of 21?
False
Is 10340 a multiple of 55?
True
Does 4 divide 196?
True
Is 18664 a multiple of 78?
False
Does 49 divide 45105?
False
Is 362 a multiple of 35?
False
Is 602 a multiple of 43?
True
Is 117 a factor of 468?
True
Does 27 divide 648?
True
Is 19 a factor of 162?
False
Is 6947 a multiple of 81?
False
Is 13 a factor of 297?
False
Is 28 a factor of 5437?
False
Is 9475 a multiple of 25?
True
Is 1715 a multiple of 23?
False
Is 507 a multiple of 17?
False
Is 7 a factor of 2247?
True
Is 45571 a multiple of 30?
False
Does 65 divide 780?
True
Does 68 divide 7888?
True
Does 20 divide 69620?
True
Is 8 a factor of 32?
True
Does 14 divide 1364?
False
Does 22 divide 308?
True
Is 10596 a multiple of 12?
True
Is 14 a factor of 2996?
True
Does 20 divide 43?
False
Is 59 a factor of 413?
True
Is 105 a factor of 315?
True
Is 28 a factor of 1400?
True
Is 2698 a multiple of 9?
False
Does 64 divide 500?
False
Is 19 a factor of 233?
False
Is 117 a factor of 8033?
False
Is 213 a factor of 23290?
False
Does 94 divide 138?
False
Is 1742 a multiple of 4?
False
Does 40 divide 1576?
False
Is 9 a factor of 655?
False
Is 1794 a multiple of 39?
True
Does 21 divide 1603?
False
Is 4 a factor of 976?
True
Is 58021 a multiple of 178?
False
Is 120 a factor of 2520?
True
Does 12 divide 4725?
False
Is 633 a multiple of 10?
False
Is 325 a multiple of 13?
True
Is 10 a factor of 8022?
False
Is 5 a factor of 27?
False
Does 2 divide 95?
False
Does 4 divide 401?
False
Is 26444 a multiple of 31?
False
Does 22 divide 1379?
False
Does 35 divide 3115?
True
Is 109 a multiple of 3?
False
Is 1590 a multiple of 5?
True
Is 65 a factor of 21966?
False
Does 111 divide 1443?
True
Is 1050 a multiple of 119?
False
Is 21216 a multiple of 12?
True
Is 6 a factor of 3581?
False
Is 32 a factor of 3186?
False
Does 36 divide 96?
False
Is 3619 a multiple of 11?
True
Does 38 divide 684?
True
Does 28 divide 4475?
False
Is 793 a multiple of 7?
False
Is 100 a factor of 9200?
True
Is 6 a factor of 874?
False
Is 544 a multiple of 23?
False
Is 24797 a multiple of 13?
False
Does 56 divide 154?
False
Is 19 a factor of 39318?
False
Does 6 divide 1037?
False
Does 109 divide 654?
True
Is 18 a factor of 124?
False
Is 29815 a multiple of 89?
True
Does 37 divide 11211?
True
Does 11 divide 4756?
False
Is 8305 a multiple of 55?
True
Does 43 divide 301?
True
Is 2336 a multiple of 146?
True
Is 19834 a multiple of 94?
True
Does 46 divide 3174?
True
Is 72 a factor of 6984?
True
Is 22 a factor of 7909?
False
Does 18 divide 65898?
True
Is 11 a factor of 10043?
True
Does 8 divide 51?
False
Is 156762 a multiple of 117?
False
Does 25 divide 200?
True
Does 28 divide 19964?
True
Is 584 a multiple of 4?
True
Is 1090 a multiple of 16?
False
Does 19 divide 16183?
False
Is 3034 a multiple of 37?
True
Does 26 divide 58968?
True
Is 19 a factor of 37400?
False
Is 30942 a multiple of 65?
False
Is 61 a factor of 2555?
False
Is 7 a factor of 1645?
True
Does 11 divide 332?
False
Does 24 divide 8904?
True
Does 11 divide 154?
True
Does 34 divide 544?
True
Is 11 a factor of 5555?
True
Is 30353 a multiple of 29?
False
Does 16 divide 3136?
True
Is 538 a multiple of 4?
False
Does 19 divide 6153?
False
Does 85 divide 5525?
True
Is 9 a factor of 387?
True
Is 250 a multiple of 10?
True
Does 14 divide 23548?
True
Is 2783 a multiple of 89?
False
Is 52 a factor of 3120?
True
Does 13 divide 66443?
True
Is 12062 a multiple of 37?
True
Does 82 divide 2378?
True
Is 715 a multiple of 2?
False
Is 13 a factor of 52?
True
Does 9 divide 70?
False
Is 95921 a multiple of 133?
False
Is 33 a factor of 29106?
True
Is 45 a factor of 2936?
False
Does 23 divide 688?
False
Does 51 divide 2931?
False
Is 5912 a multiple of 16?
False
Is 76 a factor of 1520?
True
Does 54 divide 3780?
True
Is 12 a factor of 564?
True
Is 7380 a multiple of 90?
True
Is 11 a factor of 12386?
True
Is 562 a multiple of 40?
False
Does 48 divide 4512?
True
Does 2 divide 1982?
True
Does 49 divide 441?
True
Is 28 a factor of 97?
False
Does 2 divide 540?
True
Is 677 a multiple of 5?
False
Is 1780 a multiple of 14?
False
Does 44 divide 9580?
False
Does 27 divide 9450?
True
Does 35 divide 1427?
False
Is 50 a factor of 17292?
False
Does 21 divide 3956?
False
Does 38 divide 12555?
False
Does 66 divide 405?
False
Is 10 a factor of 12580?
True
Is 70 a multiple of 10?
True
Does 14 divide 81445?
False
Does 161 divide 9473?
False
Does 42 divide 6594?
True
Is 26 a factor of 1463?
False
Is 62 a factor of 12586?
True
Does 132 divide 792?
True
Is 153822 a multiple of 186?
True
Is 1702 a multiple of 37?
True
Does 67 divide 78189?
True
Is 21 a factor of 3213?
True
Is 10 a factor of 16794?
False
Is 95652 a multiple of 12?
True
Is 3841 a multiple of 6?
False
Is 800 a multiple of 20?
True
Is 39842 a multiple of 80?
False
Is 6459 a multiple of 14?
False
Does 21 divide 1953?
True
Is 639 a multiple of 18?
False
Is 304 a multiple of 11?
False
Is 434 a multiple of 14?
True
Is 18 a factor of 111?
False
Is 7 a factor of 1425?
False
Is 15068 a multiple of 68?
False
Is 25 a factor of 1342?
False
Is 132 a factor of 1328?
False
Is 547 a multiple of 45?
False
Is 5 a factor of 1076?
False
Is 67 a factor of 5847?
False
Is 26 a factor of 1690?
True
Is 2338 a multiple of 3?
False
Does 5 divide 57?
False
Does 66 divide 3300?
True
Is 2176 a multiple of 128?
True
Is 220 a factor of 50607?
False
Does 16 divide 1721?
False
Is 1191 a multiple of 157?
False
Is 22 a factor of 11110?
True
Is 276 a multiple of 23?
True
Is 8154 a multiple of 6?
True
Is 75195 a multiple of 37?
False
Is 1064 a multiple of 28?
True
Does 77 divide 8207?
False
Is 44 a factor of 22946?
False
Is 690 a multiple of 30?
True
Is 32 a factor of 320?
True
Does 44 divide 5236?
True
Is 5 a factor of 745?
True
Is 9774 a multiple of 27?
True
Is 2368 a multiple of 7?
False
Does 4 divide 108?
True
Is 2842 a multiple of 6?
False
Is 2341 a multiple of 82?
False
Is 14 a factor of 1512?
True
Does 89 divide 1805?
False
Is 112 a multiple of 7?
True
Is 254 a multiple of 8?
False
Is 1386 a multiple of 11?
True
Is 1875 a multiple of 12?
False
Is 1037 a multiple of 14?
False
Is 1255 a multiple of 4?
False
Is 442 a multiple of 13?
True
Does 44 divide 4092?
True
Is 2 a factor of 277?
False
Is 11488 a multiple of 16?
True
Is 4652 a multiple of 88?
False
Is 114 a factor of 1498?
False
Does 37 divide 16046?
False
Is 69 a factor of 1299?
False
Does 32 divide 10816?
True
Is 58 a multiple of 29?
True
Does 10 divide 85304?
False
Does 23 divide 890?
False
Is 14 a factor of 99?
False
Is 14 a factor of 19028?
False
Is 736 a multiple of 92?
True
Does 314 divide 17873?
False
Is 48667 a multiple of 37?
False
Is 4 a factor of 672?
True
Is 101 a factor of 1515?
True
Is 5 a factor of 39515?
True
Is 23 a factor of 667?
True
Is 333 a multiple of 111?
True
Is 41220 a multiple of 180?
True
Does 8 divide 5792?
True
Does 15 divide 2910?
True
Is 97 a factor of 194?
True
Is 65490 a multiple of 15?
True
Is 12 a factor of 23863